+ 3. Let n be v(-4). Let z(k) = 1 - 36*k + 93*k + n*k. Is z(1) prime?
False
Let j(x) = -x**3 + 11*x**2 + 2. Let g be j(11). Suppose g*t - 997 = -t + u, 0 = 5*t - 2*u - 1663. Is t a prime number?
True
Suppose b - 4*y - 227 = 3, 3*y = 3*b - 645. Suppose 0 = -x + b - 61. Is x composite?
False
Is 2/1 - (-14598 - -9) prime?
True
Let m be ((-1152)/(-30))/(3/(15/1)). Suppose -7*s + m = -1355. Is s a composite number?
True
Suppose -3*z = 5*h - 36684, -75*h + 77*h = z - 12217. Is z a composite number?
True
Let t = 1025 + 2236. Is t a prime number?
False
Let m(f) = 2*f**2 - 7*f - 10. Let t be m(-8). Let c = t + -334. Let k = -17 - c. Is k prime?
False
Is (-1*6/4)/((-39)/763646) a prime number?
False
Let f be (-4)/24*934*3. Let m = f + 862. Is m composite?
True
Let y = 87 + -76. Let w(n) = -n**2 - 7 - 4*n + 2*n**2 + n**3 - 10*n**2. Is w(y) composite?
False
Suppose 4*m + m = -5*t + 36235, 5*m - 36235 = 4*t. Is m a prime number?
True
Let i be (-204)/(3 - 6/4). Let z = -53 - i. Is z a composite number?
False
Let c(m) = m**3 - 3*m**2 - 6*m - 7. Let g be c(5). Let j be ((-330)/(-105))/((-2)/(-14)). Suppose z = g + j. Is z prime?
False
Let r(t) = -2718*t**3 - 6*t**2 - 2*t - 6. Is r(-2) prime?
False
Is 3107*4/4 - -2 a prime number?
True
Let m = -2249 - 926. Is (-2)/3 - m/15 a prime number?
True
Let x = 182 - -225. Is x a prime number?
False
Let m be 1696/144 + (-4)/(-18). Suppose -2*c = -6*c + m. Suppose -722 = -c*s + 937. Is s a composite number?
True
Suppose 22*w = 7*w + 2085. Is w a prime number?
True
Suppose 0 = -z - 5*j + 1621 + 7547, 3*z = -5*j + 27554. Is z composite?
True
Suppose 1 = 2*u - 5*d - 5, 4*u - 12 = -2*d. Suppose 0 = -2*m - u*m + 155. Is m a prime number?
True
Let f(t) = 3*t**3 - 17*t**2 - 4*t - 11. Suppose w = -n - 0*n, 16 = 4*n. Let a(r) = -4*r**3 + 18*r**2 + 5*r + 12. Let b(g) = w*a(g) - 5*f(g). Is b(-6) prime?
False
Suppose 1618 = -2*h - 5*v, 4*v - 7*v = 6. Let l be (-216)/21 + (-4)/(-14). Is 5/(l/h) - 1 prime?
True
Let s be (-12)/(-5) - (-4)/(-10). Suppose 313 = s*h + b, -4*h + 831 = 5*b + 214. Is 2/(-2) + 1*h a prime number?
True
Is 893 + 3 + 2 + -3 composite?
True
Let y(d) = d**2 - 6*d - 2. Let z be y(7). Suppose -134 + 924 = -z*t. Is 1*t/4*-6 prime?
False
Suppose 0 = 12*u - 27*u + 2346015. Is u a prime number?
False
Is 1066 + 2 + (-11 - -12) prime?
True
Let w be (-8)/(-36) - (-29)/(-9). Let p be (-1*3)/(w - -4). Let a(l) = -28*l**3 + 3*l**2 - 2*l + 2. Is a(p) prime?
False
Suppose 6*o - 6215 = o. Is o a prime number?
False
Let o be 0 + (6 - 2) + 0. Let i be 1/o - 222/(-8). Suppose 0 = -n + 867 - i. Is n a prime number?
True
Suppose 4*o = 6*l - 7*l + 28550, 2*l - 57140 = 2*o. Suppose -l = 10*x - 121496. Is x a composite number?
False
Suppose 5 = -3*h - 5*q, -5*q + 4*q = 4. Suppose -3*g - h = 7, 5*g + 2665 = 5*w. Is w composite?
True
Let v(u) = 138*u**3 + 3*u**2 + 4*u - 4. Is v(3) a prime number?
True
Let h be (-3)/5 - (4 + 2109/(-15)). Suppose 0 = 4*c + 3*o - 573, -2*o - 835 = -5*c - h. Is c a composite number?
True
Is -2*(2805/(-6) + 3) a prime number?
True
Suppose 9 = 3*w, -3*q + 2*w + 114 = 5*w. Suppose 0 = 3*j - 5*k + 62 + 23, -q = 3*j + 5*k. Let o = j + 73. Is o prime?
True
Let d(r) = 6*r**2 + 5*r + 11. Let y(j) = 2*j**3 + 2*j**2 - j + 2. Let b be y(2). Suppose -b = 4*a + 8. Is d(a) prime?
False
Suppose -6*a + 2*t - 9 = -3*a, -5*a - 4*t + 7 = 0. Let u(q) = 777*q**2 - q. Let y be u(a). Suppose y = 3*r + 5*l, 5*l = -4*r + l + 1024. Is r prime?
True
Suppose 0*i - 8*i + 14344 = 0. Suppose -8*l + 3255 = -i. Is l prime?
True
Suppose -8058 = -s + 5*j, -10*j - 16111 = -2*s - 5*j. Is s composite?
False
Suppose -3*z + 40 - 25 = 0. Is z - ((-2075)/5 + -2) composite?
True
Let x = 18 + -18. Suppose 3*h - 778 = u, -5*h - u + 1294 = -x*h. Is h a composite number?
True
Is -4*((-958)/6)/(12/9) a prime number?
True
Is (4252 - (-6)/(-1)) + 3 a prime number?
False
Let k be (-12)/42 + (-79)/(-7). Suppose z - 64 + k = 0. Is z a composite number?
False
Suppose 4362 = 212*j - 210*j. Is j prime?
False
Suppose -4*k + 39075 = -39209. Is k a composite number?
False
Let g(k) be the third derivative of -7*k**5/2 + k**4/24 - k**3 + 6*k**2. Let y(h) = 105*h**2 + 3. Let m(z) = 2*g(z) + 5*y(z). Is m(-2) prime?
True
Let q(s) = -30*s + 4. Let g be q(-6). Suppose 3*z - 3*k = -402, -4*k = -z - 190 + 47. Let a = z + g. Is a composite?
False
Let o = 1830 - 1289. Is o composite?
False
Let z be 2/(5*8/60). Suppose z*n - 4 = 2. Suppose c + 4*v = 36 + 867, 1813 = n*c + v. Is c prime?
True
Suppose 0*p - 11 = 3*t + 2*p, -3*p = -3*t - 6. Let z = t - -11. Suppose -x - z = -451. Is x a prime number?
True
Let t = 106 + -102. Suppose 3*a - 4*a + t*b + 1537 = 0, 3*a - 2*b = 4561. Is a a prime number?
False
Let f(v) = -3*v**3 - 3*v**2 + 9*v + 2. Is f(-13) prime?
False
Suppose -2*k = -403 - 123. Is k prime?
True
Suppose 2*t - 6*m = -2*m + 1364, t - 3*m - 687 = 0. Is t - 0 - (-7 + 6) prime?
True
Let t(x) be the third derivative of x**4/8 + 4*x**3/3 + x**2. Let h be t(-6). Is (-525)/h + (-1)/(-2) a prime number?
True
Let s = 1430 + 687. Is s composite?
True
Suppose 221*z - 225*z = -45644. Is z a prime number?
True
Let s(z) = -2540*z + 67. Is s(-2) a prime number?
True
Suppose 9076 = 2*v + 2*r - 7*r, 2*v - r - 9084 = 0. Suppose n - 6*n = -3*p + v, 0 = 4*p - 4*n - 6052. Is p a prime number?
True
Let i = 1137 + -164. Is i prime?
False
Let d(p) be the second derivative of -p**3/6 + 5*p**2/2 + 2*p. Let o be d(0). Suppose o*g - 437 = z - 4*z, 0 = -z + 5*g + 119. Is z a prime number?
True
Let k = -449 + 62. Let b = k - -596. Is b composite?
True
Let j(x) = 2343*x**2 + 10*x - 21. Is j(2) a prime number?
True
Suppose 0 = -4*r + 2*o - 5*o + 9, r = -4*o - 1. Suppose -5*k - 22 = 3*c, -6 + 19 = -2*c - r*k. Is 182 + (-1)/(c/3) prime?
True
Suppose 0 = -0*r - 3*r - 2*k + 45149, -4*r + 2*k + 60222 = 0. Is r a prime number?
True
Let m(p) = -2*p**3. Let o be m(-1). Suppose 2 = -o*x - 16. Is (2/(-4))/(x/5958) a composite number?
False
Suppose 4284163 = 56*k + 1143627. Is k a composite number?
False
Let n(m) = m**3 + 16*m**2 - 15*m + 23. Let x be n(-16). Suppose 5 = 2*o + 1, 2*i + 2*o + 232 = 0. Let f = i + x. Is f composite?
True
Suppose -5631 = 12*x - 45747. Is x a prime number?
True
Let p = 1834 + -761. Is p prime?
False
Suppose 11*x - 8*x - 270676 = 5*t, x = t + 90226. Is x composite?
False
Suppose 3*a = 3548 + 15715. Is a a prime number?
True
Suppose o = 5*k - 120, 3*k - 5*k = o - 41. Is k prime?
True
Suppose -p = -2*p + w - 2, 0 = 4*w - 16. Is (-3 + (-27268)/(-4))/p prime?
True
Let l(m) = -m**3 + 13*m**2 - 12*m + 11. Let k be l(10). Let d = 270 - k. Is d a prime number?
True
Let j = -90753 - -144298. Is j a prime number?
False
Let o(n) = 22*n - 23. Let j be o(8). Suppose -2*f + f + j = -z, 3*f - 463 = 4*z. Is f a prime number?
True
Let r(a) = a**2 - 4*a. Let j be ((-2)/(-4))/((-5)/(-60)). Let n be r(j). Is 798/n + (-1)/(-2) composite?
False
Suppose 1532 = 2*t + t + 4*r, -t - 5*r + 496 = 0. Suppose 0 = -4*z - 4*p - 0*p + t, -4*z = 3*p - 521. Is z a prime number?
False
Let g(f) = -f**3 + 3*f**2 + 3*f + 9. Let y be g(4). Suppose 2 + 0 = -t, -4*w = -y*t - 822. Suppose 24*s + w = 25*s. Is s a composite number?
True
Suppose -5*g - 3*u = -8*u - 30945, -u + 6185 = g. Is g prime?
False
Suppose 391 = 11*q - 852. Suppose -312 - q = -5*f. Is f a prime number?
False
Let s(o) = -36*o + 6. Let d(h) be the third derivative of 35*h**4/24 - h**3 + 4*h**2. Let y(i) = -3*d(i) - 4*s(i). Is y(3) a composite number?
True
Let c(v) = v + 17. Let f be c(-14). Suppose -n - a = -7, -3*n + 3*a - f = 6. Is 7 + -8 - (-100)/n a composite number?
True
Suppose 0 = 27*b - 21*b - 12930. Is b a composite number?
True
Suppose -3*d - 2*d + 4*p = -21615, -p - 4322 = -d. Is d prime?
True
Suppose -2*v - 5*g = 420 - 33, 0 = -v + 5*g - 171. Let u = v - -279. Let d = u - 11. Is d a prime number?
False
Let c = -514 + 1267. Is c a prime number?
False
Let k = 1 + -2. Is k/(5942/1486 - 4) a prime number?
True
Let f(d) = -10*d**3 + 6*d**2 - 14*d + 7. Is f(-8) a composite number?
False
Let f be -1*(4636/14 - (-1)/(-7)). Let t = 302 - f. Is t prime?
False
Let j(g) = 2*g**3 + 6*g**2 + 4*g - 5. Let r = -21 + 26. Is j(r) prime?
False
Suppose -w = w. Is 1*(0 + w) - -49 a prime number?
False
Suppose 3*f = -4*s + 32, -3*s = -5*f + 5 - 0. Suppose 0*c - 4*